y) = x*n(y) + 6*q(y). Let j(f) = 3*i(f) + 5*u(f). Determine j(-1).
2
Suppose 5*a - 4*s + 22 - 65 = 0, s + 2 = 0. Let z(b) = -b**3 + 6*b**2 + 8*b - 1. Determine z(a).
6
Let l be (-1)/((21/(-12))/(-7)). Let f(s) = s**2 + 4*s + 5. Give f(l).
5
Let t(f) be the third derivative of -f**4/24 - 5*f**3/6 - f**2. Let y be (-90)/21 - (-4)/14. What is t(y)?
-1
Let k(t) = -13*t**3 - 11*t**2 + 11*t. Let w(l) = -7*l**3 - 6*l**2 + 6*l. Let r(q) = -6*k(q) + 11*w(q). Suppose -3*d + 0*d = -5*u - 5, 3*u - d = 1. What is r(u)?
8
Let z(q) = 3*q - 2*q + 0*q + 4 - 2*q. Give z(0).
4
Let o(h) be the second derivative of h**5/120 + h**4/8 + h**3/2 - h. Let d(s) be the second derivative of o(s). Calculate d(-5).
-2
Suppose 0*i - 12 = -3*i. Let d(k) = -k**3 + k**2 - 1. Let b(g) = -2*g**3 - g**2 - 4*g + 1. Let y(n) = -b(n) + 3*d(n). Give y(i).
12
Let b(q) = -3*q**3 - 2*q**2 + q + 2*q**3 + 3*q + 3. Suppose -4*p - 4*g + 9 = -3, 2*g + 14 = 3*p. Suppose j - 2 = -p. What is b(j)?
-5
Let j(h) be the third derivative of h**6/180 + h**5/40 - h**4/8 + h**3/3 + 4*h**2. Let r(l) be the first derivative of j(l). Give r(-3).
6
Let y(i) = 1 + 1 + 0*i - 2*i. What is y(4)?
-6
Let b(y) = -y**2 - 10*y - 4. Let g be b(-9). Suppose 2 + 3 = g*s. Let o(m) = -6*m**3 + m**2. Determine o(s).
-5
Let c(g) = -g**2 - 8*g - 5. Let s(m) = -2*m**2 - 17*m - 11. Let z(i) = 2*i. Let q be z(-1). Let l(a) = q*s(a) + 5*c(a). Determine l(-4).
5
Let c(f) = 2*f**2 + 13*f**3 - f + 2*f + f**2 + 4 - 14*f**3. What is c(3)?
7
Let m(k) = -k - 1. Let g(r) be the first derivative of r**2 + 2*r - 2. Let p(b) = 4*g(b) + 7*m(b). Determine p(0).
1
Suppose -2*n = 2*n - 12. Let u = n - -2. Let j(f) = -4*f + 6*f + u + f**2 + 3*f. What is j(-4)?
1
Suppose v + 3*v - 35 = -3*i, 4*v + 4*i = 32. Let w(l) = 2*l + 23 - 12 + l**2 - v. Give w(-2).
0
Let c(p) = p**3 + p - 3. Let s = -1 + 3. Let l(h) = -2*h**3 + s*h**2 + 8*h**2 + 3*h**3 + 0*h**2. Let y be l(-10). Calculate c(y).
-3
Let l(b) be the first derivative of -3*b + 2*b + 2*b - 4 - 2*b - 3*b**2. What is l(-1)?
5
Let l(w) = -3*w**2 - 5*w - 3. Suppose 9*v + 3 = 8*v. Calculate l(v).
-15
Let d(w) = -64*w + 33*w + 32*w - 1. Calculate d(-4).
-5
Let k(r) = -5*r**3 + 4*r**2 + 7. Let g(c) = 3*c**3 - 2*c**2 - 4. Let w(m) = 7*g(m) + 4*k(m). Let o = -45 + 43. Determine w(o).
0
Let o(q) be the first derivative of -q**3/3 + 7*q**2/2 + 4*q + 7. Calculate o(8).
-4
Let x be -1 - -1 - 4/1. Let a(z) = -z + 10. Let l be a(7). Let r(j) = -5*j**l + 0*j**2 - 5*j**2 + 4*j**3 + 2 - 4*j. Calculate r(x).
2
Suppose -3*i + 5*i = 0. Let c(y) be the third derivative of -y**4/24 + 3*y**3/2 - 14*y**2. Determine c(i).
9
Let s(m) = m**3 + 7*m**2 - 7*m - 2. Let o(z) = -3*z**3 - 15*z**2 + 15*z + 3. Let l(x) = -x**2 - 2. Let j be l(0). Let p(h) = j*o(h) - 5*s(h). Calculate p(4).
8
Suppose -w = 2*w + 3. Let k(d) = -11*d**2 - 15. Let u(p) = -5*p**2 - 7. Let v(b) = -6*k(b) + 13*u(b). Give v(w).
0
Let w(s) = 2*s - 2. Let t(k) = k - 1. Let v(d) = -3*t(d) + w(d). Let o be v(2). Let y(q) = 2 - 4*q**3 - 3 + 3*q**3. Determine y(o).
0
Let z(c) be the third derivative of -1/30*c**5 + 0*c**4 + 3*c**2 + 0*c**3 + 0*c - 1/5040*c**7 + 0 + 0*c**6. Let f(y) be the third derivative of z(y). Give f(2).
-2
Let g(t) = 5*t**2 - 5*t - 3. Let s(q) = 14*q**2 - 15*q - 9. Let c(p) = -17*g(p) + 6*s(p). Give c(-4).
1
Let m(s) = s**3 - 3*s**2 - 5*s + 1. Let w be 13/3 + 3/(-18)*2. Calculate m(w).
-3
Let a(k) = -6*k - 2. Let c be 7/(-4) - (-4)/(-16). Let b be 12/(-9)*3/c. What is a(b)?
-14
Let c(i) = 4*i**3 + i**2 - i. Let g be c(1). Let q be -2 + (-32)/(-4) - 4. Let u(r) = g*r**2 + r**2 + 2*r - 4*r**q. Give u(-3).
3
Let c(b) be the first derivative of -b**3/3 + 11*b - 16. Suppose 0 = 9*u - 5*u. What is c(u)?
11
Let c(q) be the second derivative of q**6/360 + q**5/120 + q**4/12 + q. Let n(o) be the third derivative of c(o). Let t = 226 + -227. What is n(t)?
-1
Suppose -16 = v - 3*v. Suppose 6*t = 2*t - v. Let c(a) = -2*a + 2. Determine c(t).
6
Let i(b) = 2*b**3 - b**2 - 3*b + 1. Let u be i(2). Let j(m) = -m + 12. Give j(u).
5
Let o(d) = d**3 + 12*d**2 - 12*d + 15. Let c be o(-13). Suppose -i - 1 = -2*j, -4*j - 5*i = -6*j - 11. Let g(k) = -2*k**2 - 3 + k - j*k + 3*k. What is g(c)?
-7
Let a = -1 + -1. Let r(k) = -4*k**3 - 3*k**2 + 8*k - 6. Let g(o) = 3*o**3 + 2*o**2 - 7*o + 5. Let y(v) = -6*g(v) - 5*r(v). Give y(a).
-8
Suppose -2*y - 3 = -3*y. Let w(p) = 2*p**2 - 3*p - 2. Determine w(y).
7
Let a(i) be the second derivative of -5/6*i**3 - 1/20*i**5 + 3/2*i**2 + 0 - 2*i + 5/12*i**4. Determine a(3).
6
Let m(i) = -3*i**3 + 4 + i - 3 + 2*i**2 + 2*i**3. What is m(3)?
-5
Suppose -3*d = 13 + 2. Let r(w) = 14*w + 13. Let y(k) = 5*k + 4. Let g(j) = -3*r(j) + 8*y(j). What is g(d)?
3
Let k(w) = w**3 + 9*w**2 + 11*w + 29. Let v be k(-8). Let q(j) be the first derivative of 2 - v*j + 7/2*j**2 - 2/3*j**3. Give q(4).
-9
Let h(l) = l + 9. Let g = -2 + 6. Let j = -13 + g. Let w be h(j). Let k(z) = z**2 - z - 2. What is k(w)?
-2
Let y(b) = 3*b**2 + 3*b - 6. Let u(o) = -2*o**2 - 2*o + 4. Let k(w) = -7*u(w) - 5*y(w). Suppose 0 = -q + 11. Let z = -15 + q. Give k(z).
-10
Let j(c) = 5*c + 1. Let t be -5 + (2 - -2) + (-1 - -1). What is j(t)?
-4
Let q(g) be the third derivative of 0 - g**2 + 0*g + 0*g**3 + 1/24*g**4. Let j = -66 + 63. Calculate q(j).
-3
Let r(u) = 15*u**3 - u**2 - 8*u + 3*u - 1 - 16*u**3 + 6*u**2. Let w = 3 + -3. Suppose w = -3*t - 0 + 12. Give r(t).
-5
Let c(z) = z + 5. Let b be ((-2)/(-3))/((-6)/(-27)). Let u(a) = -a**2 + 2*a + 1. Let v be u(b). Let q be (-1)/v - 18/4. What is c(q)?
1
Let n(c) = -3*c - 3. Let y be n(-2). Let x(f) = f**2 - 2*f - 4. Let p be x(y). Let u(a) = 6*a. Calculate u(p).
-6
Let j = 1 + -6. Let n = -2 - j. Let p(u) = u**3 - 4*u**2 + 2*u - 1. Determine p(n).
-4
Let r = 4 - 0. Suppose -8 = -5*j + 2*j - r*i, j = 3*i + 7. Let k(f) = f**3 - 4*f**2 - 3*f + 6. Determine k(j).
-6
Suppose -3*g - 2*g = 0. Suppose 5*v = -g*v + 25. Let k(o) = o**2 - 3*o - 2. Calculate k(v).
8
Let w be (-6)/6 - (-7 - -2). Let i(b) = -2*b**3 + b**2 - 13*b + 13. Let p(y) = y**3 - y**2 + 6*y - 6. Let f(a) = -4*i(a) - 9*p(a). Determine f(w).
10
Suppose 15 + 7 = -11*d. Let h(a) = 2*a**3 + 3*a**3 - 3*a - 3 - 4*a**3 + a**2. Determine h(d).
-1
Let y(l) be the second derivative of 1/2*l**2 + 0 + 3*l + 1/3*l**3 - 1/3*l**4 + 1/10*l**5. Let f = 5 - 3. Calculate y(f).
5
Let y(x) be the first derivative of -7*x**2/2 - x + 3. What is y(1)?
-8
Suppose -5*h - 2 = -2*s, 4*s - s - 4*h - 3 = 0. Let k(r) = -s + r**3 - 3 + 3*r**2 + 0*r - r + 0*r. What is k(-3)?
-1
Let a(r) be the third derivative of 0*r + 1/24*r**4 + 2*r**2 + 0 + r**3. Let g be 10/(-2) + (0 - -1). Give a(g).
2
Let l(n) = 3 - 3 - 3 + 3*n. Suppose -29 = -4*f - 9. Suppose 8*j - 3*j = f*v + 5, -11 = -3*j - v. Give l(j).
6
Let t = -3 - -4. Let a(l) = l**2 + l - 1. Let q(k) = 3*k**2 - 3*k + 3. Let x(d) = -2*a(d) - q(d). What is x(t)?
-5
Let b = 2 + 1. Let k = -4 - -6. Let z(r) = -1 + 0*r - r**k - 2 + 2*r. What is z(b)?
-6
Let x(b) = b**2 + 2*b - 1. Let h(t) be the third derivative of t**6/120 + 3*t**5/20 - t**4/24 - 11*t**3/6 - t**2. Let l be h(-9). What is x(l)?
-1
Let p(n) = n**2 + n**3 - 5*n - n**2 + 3*n**2 - 4 + n**2. Let q be 1/4 + 42/(-8). What is p(q)?
-4
Let p be (-2)/9 - 141/(-27). Suppose -p*y = -8*y + 12. Suppose 2 = 5*l + y*v, 0 = -0*l + 3*l + 3*v. Let d(b) = b**2 - 4*b. What is d(l)?
-4
Let l(u) = 3 + u + 3 + 2. Suppose -2*m + 0 = -8. Let b = -9 + m. What is l(b)?
3
Let r(b) = b**3 - 4*b**2 - 5*b - 6. Let n(q) = q**2 + 10*q + 6. Let j be n(-8). Let v = j + 10. Suppose -d + v*d + 5 = 0. Give r(d).
-6
Let f(l) = -l + 0*l + 1 - 1 - 1. Let a be f(-5). Let m(i) = -i**2 - i + 5. Give m(a).
-15
Let o(p) = -6*p**3 + p**2 + p - 3. Let x(r) be the first derivative of r**4/4 - r**3/3 + r - 4. Let a(f) = o(f) + 5*x(f). Give a(-3).
-10
Let z be 90/12*(-1 + -1). Let a = 9 + z. Let c(q) = -3 - q + 0 + 0*q + 1. Determine c(a).
4
Let j(d) = 7*d**2 + 4*d - 7. Let f(r) = r**2 + r - 1. Let q(i) = 5*f(i) - j(i). Let b(p) = -3*p**2 + 3*p + 5. Let k(n) = 3*b(n) - 5*q(n). Calculate k(-4).
5
Suppose -i = -3 - 0. Suppose 6*b = i*b - 9. Let w(u) = -u**3 - 4*u**2 - 2*u + 4. Calculate w(b).
1
Let o(y) = -y**3 - y**2 + 2*y + 2. Let q be o(-1). Suppose -4*j - j + 20 = q. Let s(r) = 0*r + 1 + r - 2. What is s(j)?
3
Let i(z) be the first deri